- 3*t + 20, 2*t = 3*i - 0*i + 7. Let y(o) = 2 + 2*o**2 - 1 - i. Calculate y(1).
2
Let p(t) = 5*t**2 - 2*t**2 + 15 - 4*t**2 + 5 + t. Give p(0).
20
Let h(a) = a**3 + 10*a**2 - 11*a - 5. Let g(w) = -2*w**3 + 16*w**2 + w - 19. Let n be g(8). What is h(n)?
-5
Let q(t) = -t**3 - 4*t**2 + 3. Let f(a) = a**2 - a - 4. Suppose -4 = 2*k - k. Let x be f(k). Suppose -3*v - x = v. Give q(v).
3
Let c(g) = -6 + 0*g**3 - 2*g**3 - 2*g + 4*g**2 + 3*g**3. Let m be c(-4). Let n(o) = -m + 0 + 7*o + 1. Calculate n(1).
6
Let r be 3 - (-4)/(-4) - 8. Let w(k) = -k**3 + 9*k**2 - 8*k + 4. Let z be w(8). Let t(m) = -z*m - m - 3 + 7 - m**2 + 1. Give t(r).
-1
Let g(d) = -d**3 - 8*d**2 - 8*d - 2. Let o(h) = h**3 + 8*h**2 + 8*h + 2. Let v(z) = 5*g(z) + 4*o(z). Calculate v(-7).
5
Let c(n) = 4*n + 1. Let o be (-1)/3 - 5/(-15). Suppose -2*h = -o*h - 2. Give c(h).
5
Let a(q) = 2*q + 2. Let i(w) = -1. Let u(d) = 6. Let n(h) = 5*i(h) + u(h). Let l(s) = a(s) - 4*n(s). Calculate l(6).
10
Let i(q) = -q + 4. Let g(p) = p**3 - 9*p**2 - 3*p. Let l be g(8). Let v be 4/(-14) - l/14. Suppose -s + v = 2*s. Give i(s).
2
Let j(s) = -s**2 + 3*s + 1. Let y(g) = -g - 5. Let p be y(-8). Determine j(p).
1
Let d = -5 - -7. Let z be (4 - -3) + d*-1. Let u(t) = 0*t - 4*t - 4*t**2 + 2*t**3 - t**3 - 2. Calculate u(z).
3
Let u(q) = -3*q + 4*q**2 - 11*q**3 + 10*q**3 + 0*q**2 + 3. Suppose 2*i - 4*h - 12 - 2 = 0, 0 = 2*i + 4*h + 2. Calculate u(i).
3
Suppose -5*s = -u - 31, 0*u = 3*s - u - 17. Let q(j) = -j**2 - j + 13. Let w be q(0). Let o = s - w. Let p(n) = n**2 + 5*n - 3. Give p(o).
3
Let u(v) be the third derivative of v**6/120 - v**5/15 + v**4/6 + 5*v**3/6 + 36*v**2. What is u(4)?
21
Let a(j) be the second derivative of -j**4/12 - 4*j**3/3 - 7*j**2/2 - 42*j. Give a(-5).
8
Suppose -5*k + 17 = -4*o, 0 + 11 = -5*o - 4*k. Let j(f) = -538 + 4*f - 544 - 3*f + 1084. Determine j(o).
-1
Let a(x) = -2*x - 1. Suppose -2 = 3*d - d. Determine a(d).
1
Let z(q) = q**3 + 4*q**2 + q - 2. Let n be z(-3). Let m(b) = b + b - n*b - b. Let k = -2 + 0. Calculate m(k).
6
Let v(z) = -2*z**2 + 5*z - 4. Let f(m) = m**2 - 4*m + 4. Let s(d) = -3*f(d) - 2*v(d). Give s(-4).
4
Let y(l) = -l**3 - 11*l**2 - 9*l + 11. Let d(v) = 2*v**3 - 2*v**2 - 5*v + 4. Let f be d(-2). Calculate y(f).
1
Let o be (0 - (-4 + 3))*1. Let v(l) = 33*l**2 - 5*l - 11. Let u(n) = 16*n**2 - 2*n - 5. Let a(j) = -9*u(j) + 4*v(j). Calculate a(o).
-13
Let s(n) = 6*n**2 + 2*n - 1. Let p(o) = -6*o**2 - o + 1. Let q(r) = 3*p(r) + 2*s(r). Let y(u) = u**3 + 5*u**2 - 1. Let f be y(-5). Calculate q(f).
-6
Let w(y) = -3*y - 1. Let h(l) = 6*l + 3. Let i(c) = 2*h(c) + 5*w(c). What is i(3)?
-8
Let d(z) = 4*z + 1. Suppose -4*j - 4*o = -244, 2*o + 10 = -0*o. Suppose -5*c + 5*y + 60 = 0, 3*y + j = c + 4*c. Let s be 1/3 - 35/c. Calculate d(s).
-7
Let h(f) be the first derivative of f**4/4 + 2*f**3 + 2*f**2 - 3*f - 1. Suppose -3*z + q + 0*q = 16, 3*z = -q - 14. What is h(z)?
2
Let o(v) be the first derivative of v**2 - 2*v - 7. Let x = -7 + 11. Suppose -q + 6 = -x*q. Calculate o(q).
-6
Let h(w) = -w**2 + 5*w. Suppose -o = 2*x - 7, -3*x = -x - 3*o - 27. Give h(x).
-6
Let q = -47 - -50. Let n(c) = 2*c + 2. Calculate n(q).
8
Let c(l) = l**2 + 5*l - 8. Let y = 116 + -122. Calculate c(y).
-2
Suppose -3*x - 12 - 1 = 2*v, 2*x + 14 = -2*v. Let r(k) = -6 + k**2 - 1 + 0*k**2 + 7*k. Let i be r(v). Let p(c) = -8*c**3 + c**2 - 1. What is p(i)?
-8
Suppose -2*g = 2*d - d - 7, 2*g - d - 1 = 0. Let m(o) = -3 + 0*o - g*o**2 - 3*o + o**2. Give m(-3).
-3
Let c be -7 + 0 + 3/3. Let a(z) = -z**2 - 6*z - 3. Give a(c).
-3
Let k be (-6)/(-24) + 27/4. Let h = k - 12. Let s(x) = -x**3 - 5*x**2 - x - 3. Calculate s(h).
2
Let x(o) = o - 2. Let u be ((-12)/8)/((-9)/12). Suppose -u*v - 17 = r, -6*v - 5 = -v - 5*r. Determine x(v).
-8
Let a(z) be the third derivative of -z**6/120 - z**5/10 - z**4/24 - 2*z**3/3 + z**2. Calculate a(-6).
2
Suppose 78 = 2*n + 6. Suppose 2*c - 3*w + n = 6, 3*c + 4*w = -11. Let b(d) = -d - 6. Let m be b(c). Let v(u) = u**2 - 3*u + 3. What is v(m)?
3
Suppose -m = 5*q - 5*m - 21, 0 = -q - 5*m - 19. Let h be 2/5*(4 + q). Let i(p) = 3*p + 2 + p**2 - 1 - p**3 - 4. Give i(h).
-1
Suppose 6*s + 0 = 108. Let x(n) = -1 - 18*n + 37*n - s*n + 6. Suppose 2*f = 3*f. Give x(f).
5
Let u(a) = -a**3 - 5*a**2 + 6. Let f be (-46)/8 + 21/28. Determine u(f).
6
Let s = 1 + 1. Let q(n) = 1 - 3*n**3 + 3*n**2 + 9*n**3 - 4*n**s. Give q(-1).
-6
Suppose 2*k - 18 = 4*b, 4*b = -k - k - 22. Let p(d) = -d**3 - 4*d**2 + 7*d + 7. What is p(b)?
-3
Let d(r) = 7*r + 6. Let j(k) be the third derivative of -5*k**4/6 - 19*k**3/6 + k**2. Let q(i) = -17*d(i) - 6*j(i). Give q(-6).
6
Let d(f) be the second derivative of f**6/720 - f**5/40 - 5*f**4/12 - 8*f. Let h(m) be the third derivative of d(m). Determine h(6).
3
Let y = -9 - -12. Suppose y*t = -3*a + 21, -5*t + a - 6 = -17. Let o(w) = 2*w + 2. Give o(t).
8
Let q(o) = 3*o**2 + 60*o + 2. Let b be q(-20). Let c(d) = 4*d**3 - 8*d**2 + 1. Let k(g) = -5*g**3 + 9*g**2 + g - 2. Let z(s) = 4*c(s) + 3*k(s). What is z(b)?
-8
Let h(k) = -3*k**2 - k - 2*k**2 + 5*k**2 + 4*k**2. Calculate h(-1).
5
Suppose -t + 5*t + 12 = 0. Let s(v) = -3*v + 1. Determine s(t).
10
Suppose 3*p + p + 17 = 3*d, -d = -5*p - 24. Let j(b) = 4*b**2 + 16. Let i(y) = -y**2 - 5. Let r(m) = 16*i(m) + 5*j(m). What is r(d)?
4
Let n be (10 - (-1 - 0)) + 3. Let l = n + 4. Suppose -4*s - 10 - l = 3*p, -3*s = 5*p + 32. Let y(w) = -w**3 - 3*w**2 + w - 3. Determine y(p).
9
Let m(w) be the first derivative of -w**7/840 + w**6/90 + w**4/24 - 5*w**3/3 - 4. Let c(l) be the third derivative of m(l). What is c(4)?
1
Let w = 1 + -2. Let l be w/2 + (-3)/(-2). Let g(n) be the third derivative of -5*n**4/24 - n**3/6 - 2*n**2. Calculate g(l).
-6
Let z(b) = -b**2 - 26 + 8 + 16 - b. Let d = 0 + 0. Give z(d).
-2
Let g be -2 + (-8)/(-12) + (-18)/27. Let x(c) = c**2 + c + 2. Give x(g).
4
Let v(j) = j + 11. Suppose -1 = -3*s - 22. Give v(s).
4
Let s(i) be the third derivative of i**5/60 + i**4/3 + 7*i**3/6 - i**2. Suppose 7*d = -147 + 105. Determine s(d).
-5
Let a(f) be the second derivative of -f**4/3 - f**3/6 - f**2/2 - f. Suppose -2*k - 3*y = -5*k - 12, 0 = -3*y + 12. Let d = -1 + k. Determine a(d).
-4
Let i(d) = d - 4. Let z be i(4). Suppose -5*y - 5 + 25 = z. Let r(b) = -2 - 1 + y + 2*b + 2 - b**2. Give r(-2).
-5
Suppose -7*s + 13*s = 12. Let w(n) = -5*n + 1. Give w(s).
-9
Let t(b) be the second derivative of b**5/20 - 7*b**4/12 + 5*b**2/2 + 39*b. Determine t(7).
5
Let g be 56/20 + 2/10. Let n(d) be the second derivative of d**2 + 0 + d - 1/12*d**4 + 1/6*d**3. Determine n(g).
-4
Let h(v) = -v**3 + 2*v**2 + 3*v - 2. Let b be h(3). Let m(p) = 2*p**3 + 2*p. Give m(b).
-20
Let n(k) = 21*k**3 + 1 + 2*k**2 - 2*k + 10*k**3 - 17*k**3. Calculate n(1).
15
Let x(n) = -8 - 2*n**2 - 4*n**2 - 3*n**2 + n**3 + 4 + 8*n. What is x(8)?
-4
Suppose 3*c + 11 = 4*l, 3*l + 6*c = 5*c + 18. Let u(h) = -h**3 + 4*h**2 + h - 3. Calculate u(l).
-23
Let l(a) = a - 4. Let u be (-2 - -10) + (-2 - 0). Suppose q = u*q. Calculate l(q).
-4
Let w(m) = 23*m**2 - m - 1. Let h = -34 - -33. What is w(h)?
23
Suppose 4*r - 24 = -4*b, r + 2*r + 2*b - 16 = 0. Let x = r + -4. Let m(l) = l**3 - 18*l**2 - 3 + 19*l**2 + l - 2*l**3. Determine m(x).
-3
Let b(t) = -t**3 + 8*t**2 - 7*t + 4. Let c be b(7). Suppose c = -4*q + 36. Suppose -4*s = -2*s - q. Let o(n) = -n**3 + 5*n**2 - 2*n - 4. Give o(s).
4
Let u(h) be the third derivative of h**6/120 + h**5/10 - h**4/24 - h**3/3 - 4*h**2. Calculate u(-6).
4
Let t(y) = -y**3 - 6*y**2 + 6*y - 7. Let v(k) = k**2 - 5*k - 1. Let g be v(3). Determine t(g).
0
Let t(l) = 4*l**2 - 25*l + 2. Let x(b) = b**2 - 8*b + 1. Let c(z) = 2*t(z) - 7*x(z). What is c(-5)?
-8
Let j(c) be the first derivative of -c**2/2 + c - 3. Let k(o) = o**2 - 12*o + 8. Let w be k(11). Give j(w).
4
Let n(x) = -2*x + 5. Let k be -2*(-4 - -3) + 38. Suppose 4*w + 8 = k. Let s be 24/(-8)*w/(-6). Determine n(s).
-3
Let u(t) = -4*t**2 - 4*t**3 + 3*t**3 - t**3 + t**3. Determine u(-5).
25
Let x(f) = -f + 3. Let b(h) = 2*h - 55. Let j be b(30). Give x(j).
-2
Let t(x) = 0*x**2 - 5*x + x**2 + 0*x + 1. What is t(5)?
1
Suppose 3*z - 3*g + 6 = -3, 3 = -z - 3*g. Let c(t) = t**2 + 8*t + 3. Give c(z).
-12
Let r(m) = -7*m**2 - m. Suppose 3 = -3*k + 6. Determine r(k).
-8
Let j(g) be the third deri